{"id":1971,"date":"2021-04-19T16:53:16","date_gmt":"2021-04-19T14:53:16","guid":{"rendered":"http:\/\/www.lasteuropeans.eu\/wp-content\/uploads\/2021\/04\/0_68d_Adelszertifikat_200311JM-Brunner073.jpg"},"modified":"2021-04-19T16:55:06","modified_gmt":"2021-04-19T14:55:06","slug":"0_68d_adelszertifikat_200311jm-brunner073-2","status":"inherit","type":"attachment","link":"http:\/\/www.lasteuropeans.eu\/en\/0_68d_adelszertifikat_200311jm-brunner073-2\/","title":{"rendered":"0_68d_Adelszertifikat_200311JM Brunner073"},"author":3,"comment_status":"open","ping_status":"closed","template":"","meta":[],"description":{"rendered":"<p class=\"attachment\"><a href='http:\/\/www.lasteuropeans.eu\/wp-content\/uploads\/2021\/04\/0_68d_Adelszertifikat_200311JM-Brunner073.jpg'><img width=\"300\" height=\"234\" src=\"http:\/\/www.lasteuropeans.eu\/wp-content\/uploads\/2021\/04\/0_68d_Adelszertifikat_200311JM-Brunner073-300x234.jpg\" class=\"attachment-medium size-medium\" alt=\"\" decoding=\"async\" loading=\"lazy\" srcset=\"http:\/\/www.lasteuropeans.eu\/wp-content\/uploads\/2021\/04\/0_68d_Adelszertifikat_200311JM-Brunner073-300x234.jpg 300w, http:\/\/www.lasteuropeans.eu\/wp-content\/uploads\/2021\/04\/0_68d_Adelszertifikat_200311JM-Brunner073-1024x798.jpg 1024w, http:\/\/www.lasteuropeans.eu\/wp-content\/uploads\/2021\/04\/0_68d_Adelszertifikat_200311JM-Brunner073-768x598.jpg 768w, http:\/\/www.lasteuropeans.eu\/wp-content\/uploads\/2021\/04\/0_68d_Adelszertifikat_200311JM-Brunner073-1008x785.jpg 1008w, http:\/\/www.lasteuropeans.eu\/wp-content\/uploads\/2021\/04\/0_68d_Adelszertifikat_200311JM-Brunner073.jpg 1498w\" sizes=\"(max-width: 300px) 100vw, 300px\" \/><\/a><\/p>\n"},"caption":{"rendered":"<p>Zertifikat \u00fcber die Verleihung des Adelstitels &#8220;Conte&#8221; an Salvatore Segr\u00e8 und dessen Nachkommen vom 11.3.1920, unterfertigt und besiegelt durch K\u00f6nig Vittorio Emanuele<\/p>\n"},"alt_text":"","media_type":"image","mime_type":"image\/jpeg","media_details":{"width":1498,"height":1167,"file":"2021\/04\/0_68d_Adelszertifikat_200311JM-Brunner073.jpg","sizes":{"medium":{"file":"0_68d_Adelszertifikat_200311JM-Brunner073-300x234.jpg","width":300,"height":234,"mime_type":"image\/jpeg","source_url":"http:\/\/www.lasteuropeans.eu\/wp-content\/uploads\/2021\/04\/0_68d_Adelszertifikat_200311JM-Brunner073-300x234.jpg"},"large":{"file":"0_68d_Adelszertifikat_200311JM-Brunner073-1024x798.jpg","width":1024,"height":798,"mime_type":"image\/jpeg","source_url":"http:\/\/www.lasteuropeans.eu\/wp-content\/uploads\/2021\/04\/0_68d_Adelszertifikat_200311JM-Brunner073-1024x798.jpg"},"thumbnail":{"file":"0_68d_Adelszertifikat_200311JM-Brunner073-150x150.jpg","width":150,"height":150,"mime_type":"image\/jpeg","source_url":"http:\/\/www.lasteuropeans.eu\/wp-content\/uploads\/2021\/04\/0_68d_Adelszertifikat_200311JM-Brunner073-150x150.jpg"},"medium_large":{"file":"0_68d_Adelszertifikat_200311JM-Brunner073-768x598.jpg","width":768,"height":598,"mime_type":"image\/jpeg","source_url":"http:\/\/www.lasteuropeans.eu\/wp-content\/uploads\/2021\/04\/0_68d_Adelszertifikat_200311JM-Brunner073-768x598.jpg"},"post-thumbnail":{"file":"0_68d_Adelszertifikat_200311JM-Brunner073-1008x785.jpg","width":1008,"height":785,"mime_type":"image\/jpeg","source_url":"http:\/\/www.lasteuropeans.eu\/wp-content\/uploads\/2021\/04\/0_68d_Adelszertifikat_200311JM-Brunner073-1008x785.jpg"},"full":{"file":"0_68d_Adelszertifikat_200311JM-Brunner073.jpg","width":1498,"height":1167,"mime_type":"image\/jpeg","source_url":"http:\/\/www.lasteuropeans.eu\/wp-content\/uploads\/2021\/04\/0_68d_Adelszertifikat_200311JM-Brunner073.jpg"}},"image_meta":{"aperture":"0","credit":"","camera":"","caption":"","created_timestamp":"0","copyright":"Copyright: walser-image.com","focal_length":"0","iso":"0","shutter_speed":"0","title":"","orientation":"1","keywords":[]}},"post":null,"source_url":"http:\/\/www.lasteuropeans.eu\/wp-content\/uploads\/2021\/04\/0_68d_Adelszertifikat_200311JM-Brunner073.jpg","_links":{"self":[{"href":"http:\/\/www.lasteuropeans.eu\/en\/wp-json\/wp\/v2\/media\/1971"}],"collection":[{"href":"http:\/\/www.lasteuropeans.eu\/en\/wp-json\/wp\/v2\/media"}],"about":[{"href":"http:\/\/www.lasteuropeans.eu\/en\/wp-json\/wp\/v2\/types\/attachment"}],"author":[{"embeddable":true,"href":"http:\/\/www.lasteuropeans.eu\/en\/wp-json\/wp\/v2\/users\/3"}],"replies":[{"embeddable":true,"href":"http:\/\/www.lasteuropeans.eu\/en\/wp-json\/wp\/v2\/comments?post=1971"}]}}

<p>Zertifikat über die Verleihung des Adelstitels &#8220;Conte&#8221; an Salvatore Segrè und dessen Nachkommen vom 11.3.1920, unterfertigt und besiegelt durch König Vittorio Emanuele</p>
