{"id":608,"date":"2020-10-02T14:18:06","date_gmt":"2020-10-02T12:18:06","guid":{"rendered":"http:\/\/www.lasteuropeans.eu\/?page_id=608"},"modified":"2020-10-13T09:26:12","modified_gmt":"2020-10-13T07:26:12","slug":"credits","status":"publish","type":"page","link":"http:\/\/www.lasteuropeans.eu\/en\/credits\/","title":{"rendered":"Credits"},"content":{"rendered":"\r\n<p>KuratorInnen | Curators Michaela Feurstein-Prasser (Wien) Felicitas Heimann-Jelinek (Wien) Hannes Sulzenbacher (Wien)<\/p>\r\n\r\n\r\n\r\n<p>Projektleitung | Project Administration Hanno Loewy (Hohenems) Ausstellungsarchitektur | Architecture Martin Kohlbauer (Wien)<\/p>\r\n\r\n\r\n\r\n<p>Ausstellungsgrafik | Graphic Design Kassegger und Partner, G\u00fcnter Kassegger (Dornbirn) atelier stecher, Roland Stecher, Thomas Matt (G\u00f6tzis)<\/p>\r\n\r\n\r\n\r\n<p>Kalligraphie | Calligraphy Gerhard Kohlbauer<\/p>\r\n\r\n\r\n\r\n<p>SprecherInnen | Speaker Manuela Cibulka, Hubert Dragaschnig, Walter Fink, Timo Hampson, Felicitas Heimann-Jelinek, Michael K\u00f6hlmeier, Hanno Loewy, Paul Milstein, Noah Scheiber, Brigitte Walk<\/p>\r\n\r\n\r\n\r\n<p>Archiv und Objektbetreuung | Archival Management Raphael Einetter, Anika Reichwald (Hohenems)<\/p>\r\n\r\n\r\n\r\n<p>Vermittlung | Education Angelika Purin, Judith Niederklopfer-W\u00fcrtinger, Claudia Klammer (Hohenems)<\/p>\r\n\r\n\r\n\r\n<p>Presse- und \u00d6ffentlichkeitsarbeit | Public Relation Birgit Sohler (Hohenems) \u00dcbersetzungen | Translations Lilian Dombrowski (Raanana) Sekretariat | Office Gerlinde Fritz (Hohenems)<\/p>\r\n\r\n\r\n\r\n<p>Ausstellungsbau | Exhibition Production Museom Service GmbH, Christian Chochola, Heinz Erdner, Stephan Troll (Wien) Ausstellungstechnik | Technical Installations Dietmar P\u00f6schko (Hohenems), Dietmar Pfanner (Andelsbuch) tonwelt GmbH, Johannes Maibaum (Berlin) AV-Produktion |AV Production Milan Loewy (Wien) Webmaster Niko Hofinger (Innsbruck)<\/p>\r\n\r\n\r\n\r\n<p>Objektfotografie | Object Photography Dietmar Walser (Hohenems) Fotodrucke und Beschriftungen | Printing Elograph (R\u00f6this) Drucksorten | Printed Matters Bucher Druck (Hohenems)<\/p>\r\n\r\n\r\n\r\n<p>Plexigl\u00e4ser | Plexiglasses Martin Blenke (Hohenems)<\/p>\r\n\r\n\r\n\r\n<p>Malerarbeiten | Paintwork Malerwerkst\u00e4tte Alfons Mathis (Hohenems)<\/p>\r\n\r\n\r\n\r\n<p><strong>Diese Ausstellung wurde gro\u00dfz\u00fcgig gef\u00f6rdert durch This exhibition was generously sponsored by<\/strong><\/p>\r\n\r\n\r\n\r\n<p>Collini, Hohenems Ren\u00e9 &amp; Susanne Braginsky Stiftung, Z\u00fcrich RD Foundation, Wien Zukunftsfonds der Republik \u00d6sterreich, Wien American Friends of the Jewish Museum Hohenems The Brunner Family Adolf und Mary Mil-Stiftung, Z\u00fcrich VKW Vorarlberger Kraftwerke AG, Bregenz Dornbirner Sparkasse Bank AG Tectum Spenglerei und Bauwerksabdichtung, Hohenems Stiftung Ir\u00e8ne Bollag-Herzheimer, Basel Dr. Georg und Josi Guggenheim-Stiftung, Z\u00fcrich Georges und Jenny Bloch Stiftung, Kilchberg Saly Frommer Foundation, Basel Schweizerischer Israelitischer Gemeindebund Israelitische Kultusgemeinde f\u00fcr Tirol und Vorarlberg Max und Erika Gideon Stiftung, Z\u00fcrich Madeleine und Albert Erlanger-Wyler-Stiftung, Z\u00fcrich Alfred und Ilse Stammer-Mayer Stiftung, Zollikon VEM, Vorarlberger Elektro- und Metallindustrie, Feldkirch Wirtschaftskammer Vorarlberg, Die Industrie, Feldkirch Ulf Oberbichler, alphagate, Rankweil gbd Holding ZT GmbH, Dornbirn Notariat Dr. Johannes H\u00e4usler, Hohenems Steuerb\u00fcro Dr. Martin Achleitner, Hohenems Otto Huber, Bregenz<\/p>\r\n\r\n\r\n\r\n<p>Stadt Dornbirn Marktgemeinde Lustenau Gemeinde Altach Stadt Hohenems Vorarlberger Landesregierung, Kultur Verein zur F\u00f6rderung des J\u00fcdischen Museums Hohenems Bundesministerium f\u00fcr Kunst, Kultur, \u00f6ffentlichen Dienst und Sport, Wien Bundesministerium f\u00fcr Bildung, Wissenschaft und Forschung, Wien <strong>Medienpartner | Mediapartner<\/strong> ORF \u00d61 Vorarlberger Nachrichten<\/p>\r\n","protected":false},"excerpt":{"rendered":"<p>KuratorInnen | Curators Michaela Feurstein-Prasser (Wien) Felicitas Heimann-Jelinek (Wien) Hannes Sulzenbacher (Wien) Projektleitung | Project Administration Hanno Loewy (Hohenems) Ausstellungsarchitektur | Architecture Martin Kohlbauer (Wien) Ausstellungsgrafik | Graphic Design Kassegger und Partner, G\u00fcnter Kassegger (Dornbirn) atelier stecher, Roland Stecher, Thomas Matt (G\u00f6tzis) Kalligraphie | Calligraphy Gerhard Kohlbauer SprecherInnen | Speaker Manuela Cibulka, Hubert Dragaschnig, Walter [&hellip;]<\/p>\n","protected":false},"author":3,"featured_media":0,"parent":0,"menu_order":30,"comment_status":"closed","ping_status":"closed","template":"","meta":[],"categories":[],"tags":[],"_links":{"self":[{"href":"http:\/\/www.lasteuropeans.eu\/en\/wp-json\/wp\/v2\/pages\/608"}],"collection":[{"href":"http:\/\/www.lasteuropeans.eu\/en\/wp-json\/wp\/v2\/pages"}],"about":[{"href":"http:\/\/www.lasteuropeans.eu\/en\/wp-json\/wp\/v2\/types\/page"}],"author":[{"embeddable":true,"href":"http:\/\/www.lasteuropeans.eu\/en\/wp-json\/wp\/v2\/users\/3"}],"replies":[{"embeddable":true,"href":"http:\/\/www.lasteuropeans.eu\/en\/wp-json\/wp\/v2\/comments?post=608"}],"version-history":[{"count":2,"href":"http:\/\/www.lasteuropeans.eu\/en\/wp-json\/wp\/v2\/pages\/608\/revisions"}],"predecessor-version":[{"id":1010,"href":"http:\/\/www.lasteuropeans.eu\/en\/wp-json\/wp\/v2\/pages\/608\/revisions\/1010"}],"wp:attachment":[{"href":"http:\/\/www.lasteuropeans.eu\/en\/wp-json\/wp\/v2\/media?parent=608"}],"wp:term":[{"taxonomy":"category","embeddable":true,"href":"http:\/\/www.lasteuropeans.eu\/en\/wp-json\/wp\/v2\/categories?post=608"},{"taxonomy":"post_tag","embeddable":true,"href":"http:\/\/www.lasteuropeans.eu\/en\/wp-json\/wp\/v2\/tags?post=608"}],"curies":[{"name":"wp","href":"https:\/\/api.w.org\/{rel}","templated":true}]}}

<p>KuratorInnen | Curators Michaela Feurstein-Prasser (Wien) Felicitas Heimann-Jelinek (Wien) Hannes Sulzenbacher (Wien)</p>



<p>Projektleitung | Project Administration Hanno Loewy (Hohenems) Ausstellungsarchitektur | Architecture Martin Kohlbauer (Wien)</p>



<p>Ausstellungsgrafik | Graphic Design Kassegger und Partner, Günter Kassegger (Dornbirn) atelier stecher, Roland Stecher, Thomas Matt (Götzis)</p>



<p>Kalligraphie | Calligraphy Gerhard Kohlbauer</p>



<p>SprecherInnen | Speaker Manuela Cibulka, Hubert Dragaschnig, Walter Fink, Timo Hampson, Felicitas Heimann-Jelinek, Michael Köhlmeier, Hanno Loewy, Paul Milstein, Noah Scheiber, Brigitte Walk</p>



<p>Archiv und Objektbetreuung | Archival Management Raphael Einetter, Anika Reichwald (Hohenems)</p>



<p>Vermittlung | Education Angelika Purin, Judith Niederklopfer-Würtinger, Claudia Klammer (Hohenems)</p>



<p>Presse- und Öffentlichkeitsarbeit | Public Relation Birgit Sohler (Hohenems) Übersetzungen | Translations Lilian Dombrowski (Raanana) Sekretariat | Office Gerlinde Fritz (Hohenems)</p>



<p>Ausstellungsbau | Exhibition Production Museom Service GmbH, Christian Chochola, Heinz Erdner, Stephan Troll (Wien) Ausstellungstechnik | Technical Installations Dietmar Pöschko (Hohenems), Dietmar Pfanner (Andelsbuch) tonwelt GmbH, Johannes Maibaum (Berlin) AV-Produktion |AV Production Milan Loewy (Wien) Webmaster Niko Hofinger (Innsbruck)</p>



<p>Objektfotografie | Object Photography Dietmar Walser (Hohenems) Fotodrucke und Beschriftungen | Printing Elograph (Röthis) Drucksorten | Printed Matters Bucher Druck (Hohenems)</p>



<p>Plexigläser | Plexiglasses Martin Blenke (Hohenems)</p>



<p>Malerarbeiten | Paintwork Malerwerkstätte Alfons Mathis (Hohenems)</p>



<p><strong>Diese Ausstellung wurde großzügig gefördert durch This exhibition was generously sponsored by</strong></p>



<p>Collini, Hohenems René &amp; Susanne Braginsky Stiftung, Zürich RD Foundation, Wien Zukunftsfonds der Republik Österreich, Wien American Friends of the Jewish Museum Hohenems The Brunner Family Adolf und Mary Mil-Stiftung, Zürich VKW Vorarlberger Kraftwerke AG, Bregenz Dornbirner Sparkasse Bank AG Tectum Spenglerei und Bauwerksabdichtung, Hohenems Stiftung Irène Bollag-Herzheimer, Basel Dr. Georg und Josi Guggenheim-Stiftung, Zürich Georges und Jenny Bloch Stiftung, Kilchberg Saly Frommer Foundation, Basel Schweizerischer Israelitischer Gemeindebund Israelitische Kultusgemeinde für Tirol und Vorarlberg Max und Erika Gideon Stiftung, Zürich Madeleine und Albert Erlanger-Wyler-Stiftung, Zürich Alfred und Ilse Stammer-Mayer Stiftung, Zollikon VEM, Vorarlberger Elektro- und Metallindustrie, Feldkirch Wirtschaftskammer Vorarlberg, Die Industrie, Feldkirch Ulf Oberbichler, alphagate, Rankweil gbd Holding ZT GmbH, Dornbirn Notariat Dr. Johannes Häusler, Hohenems Steuerbüro Dr. Martin Achleitner, Hohenems Otto Huber, Bregenz</p>



<p>Stadt Dornbirn Marktgemeinde Lustenau Gemeinde Altach Stadt Hohenems Vorarlberger Landesregierung, Kultur Verein zur Förderung des Jüdischen Museums Hohenems Bundesministerium für Kunst, Kultur, öffentlichen Dienst und Sport, Wien Bundesministerium für Bildung, Wissenschaft und Forschung, Wien <strong>Medienpartner | Mediapartner</strong> ORF Ö1 Vorarlberger Nachrichten</p>

<p>KuratorInnen | Curators Michaela Feurstein-Prasser (Wien) Felicitas Heimann-Jelinek (Wien) Hannes Sulzenbacher (Wien) Projektleitung | Project Administration Hanno Loewy (Hohenems) Ausstellungsarchitektur | Architecture Martin Kohlbauer (Wien) Ausstellungsgrafik | Graphic Design Kassegger und Partner, Günter Kassegger (Dornbirn) atelier stecher, Roland Stecher, Thomas Matt (Götzis) Kalligraphie | Calligraphy Gerhard Kohlbauer SprecherInnen | Speaker Manuela Cibulka, Hubert Dragaschnig, Walter [&hellip;]</p>
