{"id":2544,"date":"2022-02-22T13:10:55","date_gmt":"2022-02-22T12:10:55","guid":{"rendered":"http:\/\/www.lasteuropeans.eu\/wp-content\/uploads\/2022\/02\/Einweihung_Paul-Grueninger-Bruecke.jpeg"},"modified":"2022-02-22T13:28:12","modified_gmt":"2022-02-22T12:28:12","slug":"einweihung_paul-grueninger-bruecke-2","status":"inherit","type":"attachment","link":"https:\/\/www.lasteuropeans.eu\/en\/einweihung_paul-grueninger-bruecke-2\/","title":{"rendered":"Einweihung_Paul Grueninger Bruecke"},"author":3,"comment_status":"open","ping_status":"closed","template":"","meta":[],"description":{"rendered":"<p class=\"attachment\"><a href='https:\/\/www.lasteuropeans.eu\/wp-content\/uploads\/2022\/02\/Einweihung_Paul-Grueninger-Bruecke.jpeg'><img width=\"300\" height=\"169\" src=\"https:\/\/www.lasteuropeans.eu\/wp-content\/uploads\/2022\/02\/Einweihung_Paul-Grueninger-Bruecke-300x169.jpeg\" class=\"attachment-medium size-medium\" alt=\"\" decoding=\"async\" loading=\"lazy\" srcset=\"https:\/\/www.lasteuropeans.eu\/wp-content\/uploads\/2022\/02\/Einweihung_Paul-Grueninger-Bruecke-300x169.jpeg 300w, https:\/\/www.lasteuropeans.eu\/wp-content\/uploads\/2022\/02\/Einweihung_Paul-Grueninger-Bruecke-1024x576.jpeg 1024w, https:\/\/www.lasteuropeans.eu\/wp-content\/uploads\/2022\/02\/Einweihung_Paul-Grueninger-Bruecke-768x432.jpeg 768w, https:\/\/www.lasteuropeans.eu\/wp-content\/uploads\/2022\/02\/Einweihung_Paul-Grueninger-Bruecke-1536x864.jpeg 1536w, https:\/\/www.lasteuropeans.eu\/wp-content\/uploads\/2022\/02\/Einweihung_Paul-Grueninger-Bruecke-1008x567.jpeg 1008w, https:\/\/www.lasteuropeans.eu\/wp-content\/uploads\/2022\/02\/Einweihung_Paul-Grueninger-Bruecke.jpeg 1920w\" sizes=\"(max-width: 300px) 100vw, 300px\" \/><\/a><\/p>\n"},"caption":{"rendered":"<p>Einweihung der Paul Gr\u00fcninger Br\u00fccke, 2012, mit Ruth Roduner-Gr\u00fcninger und Robert Kreutner<\/p>\n"},"alt_text":"","media_type":"image","mime_type":"image\/jpeg","media_details":{"width":1920,"height":1080,"file":"2022\/02\/Einweihung_Paul-Grueninger-Bruecke.jpeg","sizes":{"medium":{"file":"Einweihung_Paul-Grueninger-Bruecke-300x169.jpeg","width":300,"height":169,"mime_type":"image\/jpeg","source_url":"https:\/\/www.lasteuropeans.eu\/wp-content\/uploads\/2022\/02\/Einweihung_Paul-Grueninger-Bruecke-300x169.jpeg"},"large":{"file":"Einweihung_Paul-Grueninger-Bruecke-1024x576.jpeg","width":1024,"height":576,"mime_type":"image\/jpeg","source_url":"https:\/\/www.lasteuropeans.eu\/wp-content\/uploads\/2022\/02\/Einweihung_Paul-Grueninger-Bruecke-1024x576.jpeg"},"thumbnail":{"file":"Einweihung_Paul-Grueninger-Bruecke-150x150.jpeg","width":150,"height":150,"mime_type":"image\/jpeg","source_url":"https:\/\/www.lasteuropeans.eu\/wp-content\/uploads\/2022\/02\/Einweihung_Paul-Grueninger-Bruecke-150x150.jpeg"},"medium_large":{"file":"Einweihung_Paul-Grueninger-Bruecke-768x432.jpeg","width":768,"height":432,"mime_type":"image\/jpeg","source_url":"https:\/\/www.lasteuropeans.eu\/wp-content\/uploads\/2022\/02\/Einweihung_Paul-Grueninger-Bruecke-768x432.jpeg"},"1536x1536":{"file":"Einweihung_Paul-Grueninger-Bruecke-1536x864.jpeg","width":1536,"height":864,"mime_type":"image\/jpeg","source_url":"https:\/\/www.lasteuropeans.eu\/wp-content\/uploads\/2022\/02\/Einweihung_Paul-Grueninger-Bruecke-1536x864.jpeg"},"post-thumbnail":{"file":"Einweihung_Paul-Grueninger-Bruecke-1008x567.jpeg","width":1008,"height":567,"mime_type":"image\/jpeg","source_url":"https:\/\/www.lasteuropeans.eu\/wp-content\/uploads\/2022\/02\/Einweihung_Paul-Grueninger-Bruecke-1008x567.jpeg"},"full":{"file":"Einweihung_Paul-Grueninger-Bruecke.jpeg","width":1920,"height":1080,"mime_type":"image\/jpeg","source_url":"https:\/\/www.lasteuropeans.eu\/wp-content\/uploads\/2022\/02\/Einweihung_Paul-Grueninger-Bruecke.jpeg"}},"image_meta":{"aperture":"0","credit":"","camera":"","caption":"","created_timestamp":"0","copyright":"","focal_length":"0","iso":"0","shutter_speed":"0","title":"","orientation":"0","keywords":[]}},"post":null,"source_url":"https:\/\/www.lasteuropeans.eu\/wp-content\/uploads\/2022\/02\/Einweihung_Paul-Grueninger-Bruecke.jpeg","_links":{"self":[{"href":"https:\/\/www.lasteuropeans.eu\/en\/wp-json\/wp\/v2\/media\/2544"}],"collection":[{"href":"https:\/\/www.lasteuropeans.eu\/en\/wp-json\/wp\/v2\/media"}],"about":[{"href":"https:\/\/www.lasteuropeans.eu\/en\/wp-json\/wp\/v2\/types\/attachment"}],"author":[{"embeddable":true,"href":"https:\/\/www.lasteuropeans.eu\/en\/wp-json\/wp\/v2\/users\/3"}],"replies":[{"embeddable":true,"href":"https:\/\/www.lasteuropeans.eu\/en\/wp-json\/wp\/v2\/comments?post=2544"}]}}

<p>Einweihung der Paul Grüninger Brücke, 2012, mit Ruth Roduner-Grüninger und Robert Kreutner</p>
