{"id":2767,"date":"2023-01-24T12:34:50","date_gmt":"2023-01-24T11:34:50","guid":{"rendered":"http:\/\/www.lasteuropeans.eu\/wp-content\/uploads\/2023\/01\/24_Bruno_Kreisky_1983_Foto_Votava_wikimedia_gemeinfrei.jpg"},"modified":"2023-01-24T12:35:46","modified_gmt":"2023-01-24T11:35:46","slug":"bruno-kreisky-2-2","status":"inherit","type":"attachment","link":"https:\/\/www.lasteuropeans.eu\/en\/bruno-kreisky-2-2\/","title":{"rendered":"Bruno Kreisky"},"author":3,"comment_status":"closed","ping_status":"closed","template":"","meta":[],"description":{"rendered":"<p class=\"attachment\"><a href='https:\/\/www.lasteuropeans.eu\/wp-content\/uploads\/2023\/01\/24_Bruno_Kreisky_1983_Foto_Votava_wikimedia_gemeinfrei.jpg'><img width=\"300\" height=\"214\" src=\"https:\/\/www.lasteuropeans.eu\/wp-content\/uploads\/2023\/01\/24_Bruno_Kreisky_1983_Foto_Votava_wikimedia_gemeinfrei-300x214.jpg\" class=\"attachment-medium size-medium\" alt=\"\" decoding=\"async\" loading=\"lazy\" srcset=\"https:\/\/www.lasteuropeans.eu\/wp-content\/uploads\/2023\/01\/24_Bruno_Kreisky_1983_Foto_Votava_wikimedia_gemeinfrei-300x214.jpg 300w, https:\/\/www.lasteuropeans.eu\/wp-content\/uploads\/2023\/01\/24_Bruno_Kreisky_1983_Foto_Votava_wikimedia_gemeinfrei-1024x730.jpg 1024w, https:\/\/www.lasteuropeans.eu\/wp-content\/uploads\/2023\/01\/24_Bruno_Kreisky_1983_Foto_Votava_wikimedia_gemeinfrei-768x547.jpg 768w, https:\/\/www.lasteuropeans.eu\/wp-content\/uploads\/2023\/01\/24_Bruno_Kreisky_1983_Foto_Votava_wikimedia_gemeinfrei-1536x1095.jpg 1536w, https:\/\/www.lasteuropeans.eu\/wp-content\/uploads\/2023\/01\/24_Bruno_Kreisky_1983_Foto_Votava_wikimedia_gemeinfrei-2048x1459.jpg 2048w, https:\/\/www.lasteuropeans.eu\/wp-content\/uploads\/2023\/01\/24_Bruno_Kreisky_1983_Foto_Votava_wikimedia_gemeinfrei-1008x718.jpg 1008w\" sizes=\"(max-width: 300px) 100vw, 300px\" \/><\/a><\/p>\n"},"caption":{"rendered":"<p>Bruno Kreisky, SP\u00d6-Vorsitzender und Bundeskanzler, im Wahlkampf f\u00fcr die Nationalratswahl 1983.<\/p>\n"},"alt_text":"","media_type":"image","mime_type":"image\/jpeg","media_details":{"width":2088,"height":1488,"file":"2023\/01\/24_Bruno_Kreisky_1983_Foto_Votava_wikimedia_gemeinfrei.jpg","filesize":1341790,"sizes":{"medium":{"file":"24_Bruno_Kreisky_1983_Foto_Votava_wikimedia_gemeinfrei-300x214.jpg","width":300,"height":214,"filesize":13733,"mime_type":"image\/jpeg","source_url":"https:\/\/www.lasteuropeans.eu\/wp-content\/uploads\/2023\/01\/24_Bruno_Kreisky_1983_Foto_Votava_wikimedia_gemeinfrei-300x214.jpg"},"large":{"file":"24_Bruno_Kreisky_1983_Foto_Votava_wikimedia_gemeinfrei-1024x730.jpg","width":1024,"height":730,"filesize":95980,"mime_type":"image\/jpeg","source_url":"https:\/\/www.lasteuropeans.eu\/wp-content\/uploads\/2023\/01\/24_Bruno_Kreisky_1983_Foto_Votava_wikimedia_gemeinfrei-1024x730.jpg"},"thumbnail":{"file":"24_Bruno_Kreisky_1983_Foto_Votava_wikimedia_gemeinfrei-150x150.jpg","width":150,"height":150,"filesize":6206,"mime_type":"image\/jpeg","source_url":"https:\/\/www.lasteuropeans.eu\/wp-content\/uploads\/2023\/01\/24_Bruno_Kreisky_1983_Foto_Votava_wikimedia_gemeinfrei-150x150.jpg"},"medium_large":{"file":"24_Bruno_Kreisky_1983_Foto_Votava_wikimedia_gemeinfrei-768x547.jpg","width":768,"height":547,"filesize":59139,"mime_type":"image\/jpeg","source_url":"https:\/\/www.lasteuropeans.eu\/wp-content\/uploads\/2023\/01\/24_Bruno_Kreisky_1983_Foto_Votava_wikimedia_gemeinfrei-768x547.jpg"},"1536x1536":{"file":"24_Bruno_Kreisky_1983_Foto_Votava_wikimedia_gemeinfrei-1536x1095.jpg","width":1536,"height":1095,"filesize":192203,"mime_type":"image\/jpeg","source_url":"https:\/\/www.lasteuropeans.eu\/wp-content\/uploads\/2023\/01\/24_Bruno_Kreisky_1983_Foto_Votava_wikimedia_gemeinfrei-1536x1095.jpg"},"2048x2048":{"file":"24_Bruno_Kreisky_1983_Foto_Votava_wikimedia_gemeinfrei-2048x1459.jpg","width":2048,"height":1459,"filesize":316310,"mime_type":"image\/jpeg","source_url":"https:\/\/www.lasteuropeans.eu\/wp-content\/uploads\/2023\/01\/24_Bruno_Kreisky_1983_Foto_Votava_wikimedia_gemeinfrei-2048x1459.jpg"},"post-thumbnail":{"file":"24_Bruno_Kreisky_1983_Foto_Votava_wikimedia_gemeinfrei-1008x718.jpg","width":1008,"height":718,"filesize":93017,"mime_type":"image\/jpeg","source_url":"https:\/\/www.lasteuropeans.eu\/wp-content\/uploads\/2023\/01\/24_Bruno_Kreisky_1983_Foto_Votava_wikimedia_gemeinfrei-1008x718.jpg"},"full":{"file":"24_Bruno_Kreisky_1983_Foto_Votava_wikimedia_gemeinfrei.jpg","width":2088,"height":1488,"mime_type":"image\/jpeg","source_url":"https:\/\/www.lasteuropeans.eu\/wp-content\/uploads\/2023\/01\/24_Bruno_Kreisky_1983_Foto_Votava_wikimedia_gemeinfrei.jpg"}},"image_meta":{"aperture":"0","credit":"Walter Henisch","camera":"","caption":"Bruno Kreisky, SP\u00d6-Vorsitzender und Bundeskanzler, im Wahlkampf f\u00fcr die Nationalratswahl 1983.","created_timestamp":"0","copyright":"SP\u00d6\/Walter Henisch","focal_length":"0","iso":"0","shutter_speed":"0","title":"Bruno Kreisky","orientation":"0","keywords":["Kreisky","Geschichte","Wahlen","Nationalratswahl","1983","SP\u00d6","SP\u00d6-Vorsitzender","SP\u00d6-Vorsitzende","Kanzler","Bundeskanzler"]}},"post":null,"source_url":"https:\/\/www.lasteuropeans.eu\/wp-content\/uploads\/2023\/01\/24_Bruno_Kreisky_1983_Foto_Votava_wikimedia_gemeinfrei.jpg","_links":{"self":[{"href":"https:\/\/www.lasteuropeans.eu\/en\/wp-json\/wp\/v2\/media\/2767"}],"collection":[{"href":"https:\/\/www.lasteuropeans.eu\/en\/wp-json\/wp\/v2\/media"}],"about":[{"href":"https:\/\/www.lasteuropeans.eu\/en\/wp-json\/wp\/v2\/types\/attachment"}],"author":[{"embeddable":true,"href":"https:\/\/www.lasteuropeans.eu\/en\/wp-json\/wp\/v2\/users\/3"}],"replies":[{"embeddable":true,"href":"https:\/\/www.lasteuropeans.eu\/en\/wp-json\/wp\/v2\/comments?post=2767"}]}}

<p>Bruno Kreisky, SPÖ-Vorsitzender und Bundeskanzler, im Wahlkampf für die Nationalratswahl 1983.</p>

Bruno Kreisky, SPÖ-Vorsitzender und Bundeskanzler, im Wahlkampf für die Nationalratswahl 1983.

SPÖ/Walter Henisch

SPÖ

SPÖ-Vorsitzender

SPÖ-Vorsitzende
